{"id":77,"date":"2024-06-13T09:59:38","date_gmt":"2024-06-13T09:59:38","guid":{"rendered":"http:\/\/www.piharuusu.fi\/?page_id=77"},"modified":"2025-03-17T07:58:50","modified_gmt":"2025-03-17T07:58:50","slug":"kotitalousvahennys","status":"publish","type":"page","link":"http:\/\/www.piharuusu.fi\/index.php\/kotitalousvahennys\/","title":{"rendered":"Kotitalousv\u00e4hennys"},"content":{"rendered":"\t\t<div data-elementor-type=\"wp-page\" data-elementor-id=\"77\" class=\"elementor elementor-77\">\n\t\t\t\t<div class=\"elementor-element elementor-element-7e1e6889 e-flex e-con-boxed e-con e-parent\" data-id=\"7e1e6889\" data-element_type=\"container\" data-e-type=\"container\">\n\t\t\t\t\t<div class=\"e-con-inner\">\n\t\t\t\t<div class=\"elementor-element elementor-element-63dc88e elementor-widget elementor-widget-text-editor\" data-id=\"63dc88e\" data-element_type=\"widget\" data-e-type=\"widget\" data-widget_type=\"text-editor.default\">\n\t\t\t\t<div class=\"elementor-widget-container\">\n\t\t\t\t\t\t\t\t\t\n<p>Voit hy\u00f6dynt\u00e4\u00e4 palveluideni ty\u00f6n osuuden kotitalousv\u00e4hennyksen\u00e4. Laskusta selvi\u00e4\u00e4 ty\u00f6n osuus sek\u00e4 erikseen materiaalikulut ja kilometrikorvaukset (materiaaleista ja matkakuluista ei v\u00e4hennyst\u00e4 voi tehd\u00e4).<\/p>\n<p>Kotitalousv\u00e4hennyksen maksimi vuodessa on 1600 euroa henkil\u00f6lt\u00e4, josta omavastuu on 150 euroa.<\/p>\n<p>\u00a0<\/p>\n\n<p><strong>Kotitalousv\u00e4hennyst\u00e4 saa:<\/strong><\/p>\n\n<ul class=\"wp-block-list\">\n<li>oman kodin pihat\u00f6ist\u00e4<\/li>\n\n<li>vapaa-ajan asunnon pihat\u00f6ist\u00e4<\/li>\n<\/ul>\n\n<p>\u00a0<\/p>\n<p><strong>V\u00e4hennykseen oikeuttavia t\u00f6it\u00e4 ovat muun muassa:<\/strong><\/p>\n\n<ul class=\"wp-block-list\">\n<li>puutarhanhoito<\/li>\n\n<li>istutusty\u00f6t<\/li>\n\n<li>rikkaruohojen kitkent\u00e4<\/li>\n\n<li>kukkien kastelu<\/li>\n\n<li>puiden ja pensaiden leikkaaminen<\/li>\n\n<li>haravointi ja muut pihan puhtaanapitoty\u00f6t<\/li>\n<li>lumenluonti<\/li>\n<\/ul>\n\n<p>\u00a0<\/p>\n<p>Kotitalousv\u00e4hennyksest\u00e4 ja sen hakemisesta voit lukea lis\u00e4\u00e4 verottajan sivuilta:<\/p>\n\n<p><a href=\"https:\/\/www.vero.fi\/henkiloasiakkaat\/vahennykset\/kotitalousvahennys\/kotitalousvahennyksen-maara\/\" target=\"_blank\" rel=\"noopener\">https:\/\/www.vero.fi\/henkiloasiakkaat\/vahennykset\/kotitalousvahennys\/kotitalousvahennyksen-maara\/<\/a><\/p>\n<p>\u00a0<\/p>\n\n<p>\u00a0<\/p>\n\t\t\t\t\t\t\t\t<\/div>\n\t\t\t\t<\/div>\n\t\t\t\t\t<\/div>\n\t\t\t\t<\/div>\n\t\t\t\t<\/div>\n\t\t","protected":false},"excerpt":{"rendered":"<p>Voit hy\u00f6dynt\u00e4\u00e4 palveluideni ty\u00f6n osuuden kotitalousv\u00e4hennyksen\u00e4. Laskusta selvi\u00e4\u00e4 ty\u00f6n osuus sek\u00e4 erikseen materiaalikulut ja kilometrikorvaukset (materiaaleista ja matkakuluista ei v\u00e4hennyst\u00e4 voi tehd\u00e4). Kotitalousv\u00e4hennyksen maksimi vuodessa on 1600 euroa henkil\u00f6lt\u00e4, josta omavastuu on 150 euroa. \u00a0 Kotitalousv\u00e4hennyst\u00e4 saa: \u00a0 V\u00e4hennykseen oikeuttavia t\u00f6it\u00e4 ovat muun muassa: \u00a0 Kotitalousv\u00e4hennyksest\u00e4 ja sen hakemisesta voit lukea lis\u00e4\u00e4 verottajan sivuilta: https:\/\/www.vero.fi\/henkiloasiakkaat\/vahennykset\/kotitalousvahennys\/kotitalousvahennyksen-maara\/ [&hellip;]<\/p>\n","protected":false},"author":1,"featured_media":0,"parent":0,"menu_order":0,"comment_status":"closed","ping_status":"closed","template":"","meta":{"footnotes":""},"class_list":["post-77","page","type-page","status-publish","hentry"],"_links":{"self":[{"href":"http:\/\/www.piharuusu.fi\/index.php\/wp-json\/wp\/v2\/pages\/77","targetHints":{"allow":["GET"]}}],"collection":[{"href":"http:\/\/www.piharuusu.fi\/index.php\/wp-json\/wp\/v2\/pages"}],"about":[{"href":"http:\/\/www.piharuusu.fi\/index.php\/wp-json\/wp\/v2\/types\/page"}],"author":[{"embeddable":true,"href":"http:\/\/www.piharuusu.fi\/index.php\/wp-json\/wp\/v2\/users\/1"}],"replies":[{"embeddable":true,"href":"http:\/\/www.piharuusu.fi\/index.php\/wp-json\/wp\/v2\/comments?post=77"}],"version-history":[{"count":45,"href":"http:\/\/www.piharuusu.fi\/index.php\/wp-json\/wp\/v2\/pages\/77\/revisions"}],"predecessor-version":[{"id":324,"href":"http:\/\/www.piharuusu.fi\/index.php\/wp-json\/wp\/v2\/pages\/77\/revisions\/324"}],"wp:attachment":[{"href":"http:\/\/www.piharuusu.fi\/index.php\/wp-json\/wp\/v2\/media?parent=77"}],"curies":[{"name":"wp","href":"https:\/\/api.w.org\/{rel}","templated":true}]}}