{"id":33,"date":"2024-06-13T09:25:57","date_gmt":"2024-06-13T09:25:57","guid":{"rendered":"http:\/\/www.piharuusu.fi\/?page_id=33"},"modified":"2025-08-20T08:08:44","modified_gmt":"2025-08-20T08:08:44","slug":"palvelut","status":"publish","type":"page","link":"http:\/\/www.piharuusu.fi\/index.php\/palvelut\/","title":{"rendered":"Palvelut"},"content":{"rendered":"\t\t<div data-elementor-type=\"wp-page\" data-elementor-id=\"33\" class=\"elementor elementor-33\">\n\t\t\t\t<div class=\"elementor-element elementor-element-7f376c04 e-flex e-con-boxed e-con e-parent\" data-id=\"7f376c04\" data-element_type=\"container\" data-e-type=\"container\">\n\t\t\t\t\t<div class=\"e-con-inner\">\n\t\t\t\t<div class=\"elementor-element elementor-element-62f95c56 elementor-widget elementor-widget-text-editor\" data-id=\"62f95c56\" data-element_type=\"widget\" data-e-type=\"widget\" data-widget_type=\"text-editor.default\">\n\t\t\t\t<div class=\"elementor-widget-container\">\n\t\t\t\t\t\t\t\t\t\n<ul class=\"wp-block-list\">\n<li>Pihan yll\u00e4pitoty\u00f6t, kuten istutus, kitkent\u00e4 ja alueiden hoito<\/li>\n\n<li>Pihaneuvonta<\/li>\n\n<li>Kausikukkien istutus ja hoitoty\u00f6<\/li>\n\n<li>Puuston raivausty\u00f6t<\/li>\n\n<li>Viherrakentaminen<\/li>\n\n<li>Hoitosopimukset tarpeittesi mukaan<\/li>\n\n<li>Lumity\u00f6t k\u00e4sin tai koneellisesti<\/li>\n<\/ul>\n\n<p>\u00a0<\/p>\n\t\t\t\t\t\t\t\t<\/div>\n\t\t\t\t<\/div>\n\t\t\t\t\t<\/div>\n\t\t\t\t<\/div>\n\t\t<div class=\"elementor-element elementor-element-85ccc23 e-flex e-con-boxed e-con e-parent\" data-id=\"85ccc23\" data-element_type=\"container\" data-e-type=\"container\">\n\t\t\t\t\t<div class=\"e-con-inner\">\n\t\t\t\t<div class=\"elementor-element elementor-element-32b6f14 elementor-widget elementor-widget-image\" data-id=\"32b6f14\" data-element_type=\"widget\" data-e-type=\"widget\" data-widget_type=\"image.default\">\n\t\t\t\t<div class=\"elementor-widget-container\">\n\t\t\t\t\t\t\t\t\t\t\t\t\t\t\t<img fetchpriority=\"high\" decoding=\"async\" width=\"1024\" height=\"683\" src=\"https:\/\/www.piharuusu.fi\/wp-content\/uploads\/2024\/07\/f119298344-1024x683.jpg\" class=\"attachment-large size-large wp-image-121\" alt=\"\" srcset=\"https:\/\/www.piharuusu.fi\/wp-content\/uploads\/2024\/07\/f119298344-1024x683.jpg 1024w, https:\/\/www.piharuusu.fi\/wp-content\/uploads\/2024\/07\/f119298344-300x200.jpg 300w, https:\/\/www.piharuusu.fi\/wp-content\/uploads\/2024\/07\/f119298344-768x512.jpg 768w, https:\/\/www.piharuusu.fi\/wp-content\/uploads\/2024\/07\/f119298344-1536x1024.jpg 1536w, https:\/\/www.piharuusu.fi\/wp-content\/uploads\/2024\/07\/f119298344-2048x1365.jpg 2048w, https:\/\/www.piharuusu.fi\/wp-content\/uploads\/2024\/07\/f119298344-375x250.jpg 375w, https:\/\/www.piharuusu.fi\/wp-content\/uploads\/2024\/07\/f119298344-233x156.jpg 233w, https:\/\/www.piharuusu.fi\/wp-content\/uploads\/2024\/07\/f119298344-380x252.jpg 380w\" sizes=\"(max-width: 1024px) 100vw, 1024px\" \/>\t\t\t\t\t\t\t\t\t\t\t\t\t\t\t<\/div>\n\t\t\t\t<\/div>\n\t\t\t\t\t<\/div>\n\t\t\t\t<\/div>\n\t\t\t\t<\/div>\n\t\t","protected":false},"excerpt":{"rendered":"<p>\u00a0<\/p>\n","protected":false},"author":1,"featured_media":0,"parent":0,"menu_order":0,"comment_status":"closed","ping_status":"closed","template":"","meta":{"footnotes":""},"class_list":["post-33","page","type-page","status-publish","hentry"],"_links":{"self":[{"href":"http:\/\/www.piharuusu.fi\/index.php\/wp-json\/wp\/v2\/pages\/33","targetHints":{"allow":["GET"]}}],"collection":[{"href":"http:\/\/www.piharuusu.fi\/index.php\/wp-json\/wp\/v2\/pages"}],"about":[{"href":"http:\/\/www.piharuusu.fi\/index.php\/wp-json\/wp\/v2\/types\/page"}],"author":[{"embeddable":true,"href":"http:\/\/www.piharuusu.fi\/index.php\/wp-json\/wp\/v2\/users\/1"}],"replies":[{"embeddable":true,"href":"http:\/\/www.piharuusu.fi\/index.php\/wp-json\/wp\/v2\/comments?post=33"}],"version-history":[{"count":11,"href":"http:\/\/www.piharuusu.fi\/index.php\/wp-json\/wp\/v2\/pages\/33\/revisions"}],"predecessor-version":[{"id":349,"href":"http:\/\/www.piharuusu.fi\/index.php\/wp-json\/wp\/v2\/pages\/33\/revisions\/349"}],"wp:attachment":[{"href":"http:\/\/www.piharuusu.fi\/index.php\/wp-json\/wp\/v2\/media?parent=33"}],"curies":[{"name":"wp","href":"https:\/\/api.w.org\/{rel}","templated":true}]}}